)/4 - 2/(-8). Let i be p(n). Suppose 0 = -5*o - i*o + 20. Let l(z) = z**2 - 5*z + 4. Determine l(o).
0
Let i(y) = 2 - 4*y + 5 - y - 13. Let f(z) = z + 1. Let g(h) = -3*f(h) - i(h). Calculate g(-3).
-3
Let s = -1196 + 1192. Let a(q) = 2*q + 6. Determine a(s).
-2
Let m(c) be the second derivative of c**4/12 - 3*c**3/2 - 3*c**2/2 + 48*c. Calculate m(7).
-17
Suppose 7*w - 12*w - 2*g + 10 = 0, 2*g = 2*w - 18. Let c(r) = -r**3 + 2*r**2 + 6*r - 4. What is c(w)?
-12
Let d = 86 - 83. Suppose -d*g - 7 - 8 = 0. Let c(l) = l**2 + 8*l - 2. What is c(g)?
-17
Suppose 7*k - 12 = -33. Let m = k + 8. Suppose 5*t + 47 - 14 = r, 0 = 3*t - m*r + 33. Let j(a) = -a**3 - 5*a**2 + 7*a + 4. What is j(t)?
-2
Let y(w) = w + 5. Suppose -3*r + 48 - 9 = 0. Let n(q) = -q + 14. Let v be n(-6). Suppose 17*a - v = r*a. What is y(a)?
10
Let b(v) = 7*v**3 + v**2 - v - 11. Let r(n) = -20*n**3 - 3*n**2 + 3*n + 32. Let u(k) = 17*b(k) + 6*r(k). Let z be 0/(15/(-20)*4). What is u(z)?
5
Let k(y) = y**2 - 8*y - 2. Let b(t) = t**2 - 8*t - 3. Let o(f) = f**3 + 8*f**2 + 12*f - 11. Let p be o(-5). Let n(x) = p*b(x) - 5*k(x). Determine n(5).
13
Let x(w) = w**3 - 10*w**2 - 14*w + 16. Suppose 0 = 3*d + 6, 8*a - 4*a - 4*d = 52. What is x(a)?
-17
Let t(r) = -5 - 1008*r**3 + r**2 - 2*r + 502*r**3 + 505*r**3. Calculate t(4).
-61
Suppose -4*x + 2*s - 25 + 1 = 0, 4*x + 10 = -5*s. Let q(a) be the second derivative of -a**4/12 - 2*a**3/3 - a**2/2 - 57*a. Calculate q(x).
-6
Let w(q) be the second derivative of q**5/20 - q**4/12 + 46*q - 3. Give w(2).
4
Let n(j) = 5*j - 52. Let k be 8/6*(-8)/(-128)*132. Determine n(k).
3
Let i(x) = -x**2 + 1. Let f(a) = -5 - 2 + 5 + a**2 - 2*a + 3*a - 3*a**3. Let b(w) = f(w) + 2*i(w). What is b(-2)?
18
Let w(s) = -3 - 49*s + 98*s - 50*s. Give w(-4).
1
Let r(i) = i**3 + i**2 + 8. Suppose -2*k + 12 = -4. Let y = k + -8. Give r(y).
8
Let f(m) = 0*m**2 + 6*m**3 - 7*m**3 - 344*m - 4*m**2 + m**2 + 347*m. Calculate f(-3).
-9
Let h(s) = -11*s**2 - 6*s + 19. Let r(k) = -49*k**2 - 23*k + 76. Let t(y) = 9*h(y) - 2*r(y). Give t(-10).
-1
Suppose 1 - 9 = -2*x. Let y(l) be the second derivative of 1/3*l**3 + 1/20*l**5 - l - 5/2*l**2 + 0 - 1/3*l**4. What is y(x)?
3
Suppose 40*q + 504 = -23*q. Let d(g) = -g**3 - 8*g**2 - 3*g + 7. Calculate d(q).
31
Suppose 3*r + 2*r - 5*u - 215 = 0, 0 = r - 3*u - 53. Let a(o) = r*o + 36*o + 2 - 73*o. Give a(-4).
-2
Let j(k) be the second derivative of 2*k + 0 + 0*k**2 - 1/3*k**3 + 1/12*k**4. Let o = -40 + 38. What is j(o)?
8
Let y(a) = -4*a - 6*a**2 - 2*a**2 + 2*a**2 + 42*a**3 + 1 - 43*a**3. Give y(-4).
-15
Let o = 89 + -92. Let v(y) be the second derivative of -y**3/2 + y**2 + 18*y. What is v(o)?
11
Let f(j) be the second derivative of j**5/20 + j**4/2 + j**3/6 + 7*j**2/2 + 184*j. Let q be -4 + -1 + 0 - 1. Determine f(q).
1
Let q = 3 - 2. Let t be 22/(-6) - q/3. Let b(d) = -2*d**3 + 8*d**2 + 2*d + 8. Let s(o) = -o**3 + 7*o**2 + 3*o + 6. Let n(a) = 2*b(a) - 3*s(a). Calculate n(t).
2
Let k(h) = h + 0*h**2 + 0*h + 14*h**2 - 2*h. Let d = 111 + -110. Determine k(d).
13
Let n(f) = -f**3 - f + 6. Let s = -5 - -17. Let a be s/(-9)*3/1. Let j be (a + 4)*3/(-9). Give n(j).
6
Suppose 4*a = 3*a - 2. Let l(f) = -f**3 + f**2 - 2*f - 4. Let k(x) = -7*x**3 + 5*x**2 - 13*x - 23. Let s(b) = -k(b) + 6*l(b). Calculate s(a).
-7
Let o(h) = -4 + 4 - 3*h + 7 - 3. Calculate o(3).
-5
Let k(i) = -5*i**3 - 6*i**2 + 9*i - 21. Let v(q) = q**3 + q**2 - 2*q + 5. Let f(t) = 2*k(t) + 9*v(t). Determine f(-3).
3
Let z(a) = a**2 - 13*a + 20. Suppose -42 = -w + 3*o - 29, -2*o + 38 = 4*w. What is z(w)?
-10
Suppose y = -2 - 3. Let w(r) = -5*r - 3. Let t(u) = -u**2 + 8*u - 8. Let q be t(6). Let a(o) = -14*o - 10. Let n(h) = q*a(h) - 11*w(h). Give n(y).
-2
Let k(p) = -p**3 - p**2 - p + 5. Let x be k(0). Let b(t) = -2*t**2 + 2. Let w(y) = 8*y**2 - 7*y - 7. Let a(j) = 3*b(j) + w(j). Calculate a(x).
14
Let u(f) = 43*f**3 - 3*f**2 - 22*f**3 - 5*f + 12*f - 17. Let r(a) = -5*a**3 + a**2 - 2*a + 4. Let s(w) = 9*r(w) + 2*u(w). What is s(2)?
-18
Let m(h) = -5*h**3 + h**2. Let g be m(1). Let o be g*-6*4/32. Let q(i) = -2*i + 3*i**3 - i**2 + i - 2*i**o - 4. What is q(0)?
-4
Suppose 5*y - 7 = 8. Suppose c = -5*a - 20, -2*a - 12 = -y*c - 4. Let t(s) = -s + 1. Let v(b) = 3*b - 1. Let q(i) = a*t(i) - 2*v(i). What is q(-3)?
4
Let w(m) be the third derivative of m**9/60480 + m**8/4032 + 7*m**6/720 + 4*m**5/15 + 11*m**2. Let u(d) be the third derivative of w(d). Give u(-5).
7
Let w(c) be the second derivative of c**3/6 - c**2 + 160*c. Give w(-4).
-6
Let j(c) = -6 - 1 + 3 - 3*c**2 - 2*c - c**3 + 0*c. Suppose -2*p - 125 = -119. What is j(p)?
2
Let k be (4/12)/((-1)/21). Let d be (14/k)/((-2)/(-4)). Let z(v) = -4 + 1 - 2 + 4*v - 3*v. Determine z(d).
-9
Let r(v) be the third derivative of 0*v**3 + 5/24*v**4 + 1/240*v**6 + 1/120*v**5 + 9*v**2 + 0*v + 0. Let g(a) be the second derivative of r(a). Determine g(1).
4
Let f = 27 - 17. Suppose 3*z - 8*z = -f. Let i(q) = 0*q - z*q + q - q**2. Calculate i(-3).
-6
Let y(l) = -l - 1. Let n(v) = 5*v - 1. Let o be n(1). Suppose -o*r = -5 + 41. Let t = r - -14. Give y(t).
-6
Let z be (-145)/(-20) - (-2)/(-8). Let r(u) = 4 - 1 - 4 - z*u - 2. Let v(i) = i**3 - 4*i**2 - 3. Let g be v(4). What is r(g)?
18
Let w(i) be the third derivative of i**4/6 - 73*i**2 + 2*i. Suppose 3*j + 12 = -4*t, 4*t - 8 = -4*j + 6*j. What is w(j)?
-16
Let s(p) = p**2 + 12*p + 5. Let b(l) = -5*l**2 - 9*l - 4. Let k be b(-3). Let d = -33 - k. Give s(d).
-6
Let c(t) be the first derivative of -t + 2. Let o(s) = -2*s - 12. Let u(n) = 12*c(n) - o(n). What is u(5)?
10
Let f(v) = 361*v - 350*v - 4*v**2 - v**2 + 6*v**2 + 3. Determine f(-6).
-27
Let j(b) = b - 3. Let p(q) = -6. Let d(o) = 7*j(o) - 4*p(o). Let u = -1 + -2. Calculate d(u).
-18
Let p(j) = -2*j**2. Let b(k) = 5*k**2 - k - 6. Let c(a) = b(a) + 2*p(a). Determine c(5).
14
Let c(f) = f - 12. Let u(x) be the second derivative of 2*x**3/3 - 35*x**2/2 + 7*x. Let r(m) = -7*c(m) + 2*u(m). Determine r(0).
14
Let c(i) = i - 3. Suppose -2*s + v = -4*s + 1, -3*s - 3 = -3*v. Suppose s = -4*a + 2*o - 7*o + 20, 4*a - 3*o = 20. Give c(a).
2
Let r(i) = 4*i - 7. Let l = 697 - 694. Calculate r(l).
5
Let b(a) be the second derivative of 1/24*a**4 + 1/120*a**6 + 0 + 0*a**2 - 1/120*a**5 + 2/3*a**3 + 7*a. Let r(y) be the second derivative of b(y). Give r(1).
3
Let k(z) = z**2 - 6*z + 6. Let c(p) = 2*p**2 - 29*p + 45. Let s be c(13). Determine k(s).
6
Suppose -5*d - 3*r + 36 = 0, -4*d + 0*d + 21 = 5*r. Let h = -13 + d. Let p(s) = -2*s**2 - 10*s**3 - 2*s**3 - 8*s**3 + 5*s + 19*s**3. Give p(h).
12
Let k(q) = -q**3 + 6*q**2 + 4. Let o be k(6). Let z = 0 - 0. Let l(r) = 3*r + r**2 + 8 + z*r**2 - 7*r - 10. Calculate l(o).
-2
Let h(y) be the first derivative of 7*y**3 - y - 5. Give h(1).
20
Let s(t) = -9 - 2*t + 6 + 1 + 4. Calculate s(2).
-2
Let l be ((-8)/6)/(28/(-42)). Suppose -l*m + 4 = -m, -d + 3*m = 16. Let x(z) be the second derivative of -z**5/20 - z**4/2 - z**3 - z**2/2 + z. Give x(d).
-9
Let g(i) be the third derivative of i**4/6 - i**3 - i**2 + 11. What is g(-5)?
-26
Let a be (-20)/(-15)*6/4. Let p(c) = 2*c**2 - 3. Let r be p(a). Let m(x) = -x - r*x**2 + 4 - x**3 - 4*x + 12*x**2 - 3*x. Determine m(6).
-8
Let z(c) = -c - 1. Let n(m) = 5*m + 2. Let i(u) = -n(u) - 3*z(u). Let h = -7856 + 7855. Determine i(h).
3
Let c = 70 + -81. Let q(l) = -l**2 - 11*l. Let b be q(c). Let y(k) = -k + 4. Give y(b).
4
Let d(o) be the third derivative of o**7/1260 + o**6/180 - o**5/120 - 3*o**4/8 + o**2. Let j(b) be the second derivative of d(b). Calculate j(-3).
5
Let d be -2 + (5 - -1) - 0. Suppose d*o + 0*q = 5*q + 37, 0 = 5*o + 5*q - 35. Let f(w) = -w**2 + 7*w - 1. Calculate f(o).
-9
Let s(l) be the first derivative of 3*l**2 - 1. Let v = 9158 + -9159. What is s(v)?
-6
Suppose -3*r - 3 = 0, 3*r + 8 = 2*o - 3. Let j be (-10)/(2/(3 - o)). Let a(s) = s**2 - 7*s + 2. Determine a(j).
-8
Let r(p) = -2480*p**3 - 2*p**2 - 5*p + 2479*p**3 - 1 + 4*p. Determine r(-2).
1
Let c(k) = 4*k**2 - k - 11. Let d(y) = -3*y**2 + 2*y + 10. Let t(a) = -4*c(a) - 5*d(a). What is t(-3)?
3
Let v(k) = -1496*k + 2 + 3002*k - 5*k**3 - 2*k**2 - 1504*k. Give v(-1).
3
Let p = -304 + 301. Let x(z) = -z - 5. Determine x(p).
-2
Let n(w) be the first derivative of -w**2/2 - 8*w - 147. What is n(-2)?
-6
Let h(r) = -r**2 - 2*